{"id":32,"date":"2014-02-28T16:45:16","date_gmt":"2014-02-28T16:45:16","guid":{"rendered":"http:\/\/oldhdk.pl.harta.infrit.net\/?page_id=32"},"modified":"2014-02-28T16:45:16","modified_gmt":"2014-02-28T16:45:16","slug":"nasz-patron","status":"publish","type":"page","link":"https:\/\/oldhdk.pl.harta.infrit.net\/?page_id=32","title":{"rendered":"Nasz Patron"},"content":{"rendered":"<p>Rajmund Kolbe urodzi\u0142 si\u0119 8 stycznia 1894 roku w Zdu\u0144skiej Woli ko\u0142o \u0141odzi, z ma\u0142\u017conk\u00f3w Juliusza i Marianny z D\u0105browskich. Rodzice Rajmunda nale\u017celi do III Zakonu \u015bw. Franciszka.<\/p>\n<p>Wst\u0105pi\u0142 do Zakonu Braci Mniejszych Konwentualnych. W latach 1912-1919 odbywa\u0142 studia filozoficzne i teologiczne w Rzymie na jezuickim uniwersytecie Gregorianum, kt\u00f3re uwie\u0144czy\u0142 dwoma doktoratami. Za\u0142o\u017cyciel Rycerstwa Niepokalanej oraz Niepokalanowa<br \/>\nw Polsce i Japonii.<\/p>\n<p>Dnia 19 wrze\u015bnia 1939 roku Niemcy aresztowali o. Kolbego wraz z pozosta\u0142ymi bra\u0107mi z Niepokalanowa. Zostali oni umieszczeni w obozie w Amtlitz, a nast\u0119pnie w Ostrzeszowie. 8 grudnia o. Kolbe zosta\u0142 zwolniony z obozu.Natychmiast powr\u00f3ci\u0142 do Niepokalanowa, by tu zaj\u0105\u0107 si\u0119 przygotowaniem 3000 miejsc dla wysiedlonych z Pozna\u0144skiego, w\u015br\u00f3d kt\u00f3rych \u017byd\u00f3w by\u0142o 2000. 17 lutego 1941 roku gestapo zabra\u0142o o. Kolbego do Warszawy na os\u0142awiony Pawiak. 25 maja 1941 roku wywieziono go do obozu koncentracyjnego w O\u015bwi\u0119cimiu. Otrzyma\u0142 numer 16 670.<\/p>\n<p>Pod koniec lipca 1941 roku uciek\u0142 jeden z wi\u0119\u017ani\u00f3w z bloku o. Kolbego. W\u015bciek\u0142y komendant nakaza\u0142 zwo\u0142a\u0107 na plac ca\u0142y blok i co dziesi\u0105tego wytypowanego przez siebie wi\u0119\u017ania skaza\u0142 na \u015bmier\u0107 g\u0142odow\u0105, w specjalnie na to przygotowanym bunkrze. W\u015br\u00f3d przeznaczonych na \u015bmier\u0107 znalaz\u0142 si\u0119 Franciszek Gajowniczek. Nieszcz\u0119\u015bliwy westchn\u0105\u0142, \u017ce musi opu\u015bci\u0107 \u017con\u0119 i dzieci. Wtedy sta\u0142a si\u0119 rzecz, kt\u00f3ra zdumia\u0142a kat\u00f3w. Z szeregu wyszed\u0142 o. Kolbe i prosi\u0142, by jego skazano na \u015bmier\u0107 zamiast Gajowniczka, kt\u00f3ry sta\u0142 obok niego. Na pytanie: kim jest? odpar\u0142, \u017ce jest kap\u0142anem katolickim. Jest samotny,<br \/>\na Gajowniczek ma \u017con\u0119 i dzieci. Poszed\u0142 na \u015bmier\u0107 wraz z 9 towarzyszami do bloku \u015bmierci, nr 13. Bunkier, kt\u00f3ry dot\u0105d by\u0142 miejscem przekle\u0144stw i rozpaczy, pod przewodnictwem o. Maksymiliana sta\u0142 si\u0119 przybytkiem Bo\u017cej chwa\u0142y. Modlono si\u0119 i \u015bpiewano nabo\u017cne pie\u015bni. Przyzwyczajony do g\u0142odu o. Kolbe prze\u017cy\u0142 w bunkrze dwa tygodnie bez kruszyny chleba i kropli wody. Wreszcie oprawcy dobili go zastrzykiem fenolu. Sta\u0142o si\u0119 to 14 sierpnia, w wigili\u0119 Wniebowzi\u0119cia Naj\u015bw. Maryi Panny 1941 roku. O. Kolbe mia\u0142 zaledwie 47 lat.<\/p>\n<p>Dnia 17 pa\u017adziernika 1971 roku papie\u017c Pawe\u0142 VI dokona\u0142 osobi\u015bcie uroczystej beatyfikacji M\u0119czennika<br \/>\nw obecno\u015bci dziesi\u0105tk\u00f3w tysi\u0119cy wiernych z ca\u0142ego \u015bwiata i ponad 3000 pielgrzym\u00f3w polskich.<br \/>\nDnia 10 pa\u017adziernika 1982 roku Ojciec \u015bwi\u0119ty Jan Pawe\u0142 II dokona\u0142 jego kanonizacji.<\/p>\n<p>Na mocy Dekretu Stolicy Apostolskiej z dnia 22 maja 1999 roku \u015bw. Maksymilian Kolbe jest patronem polskich honorowych dawc\u00f3w krwi.<\/p>\n<p>&nbsp;<\/p>\n<p><a href=\"http:\/\/oldhdk.pl.harta.infrit.net\/wp-content\/uploads\/2014\/02\/small_kolbe4.jpg\"><img loading=\"lazy\" decoding=\"async\" class=\"wp-image-33 aligncenter\" title=\"\u015bw. Maksymilian Kolbe\" src=\"http:\/\/oldhdk.pl.harta.infrit.net\/wp-content\/uploads\/2014\/02\/small_kolbe4.jpg\" alt=\"\u015bw. Maksymilian Kolbe\" width=\"226\" height=\"349\" srcset=\"https:\/\/oldhdk.pl.harta.infrit.net\/wp-content\/uploads\/2014\/02\/small_kolbe4.jpg 226w, https:\/\/oldhdk.pl.harta.infrit.net\/wp-content\/uploads\/2014\/02\/small_kolbe4-194x300.jpg 194w, https:\/\/oldhdk.pl.harta.infrit.net\/wp-content\/uploads\/2014\/02\/small_kolbe4-64x100.jpg 64w\" sizes=\"auto, (max-width: 226px) 100vw, 226px\" \/><\/a><\/p>\n","protected":false},"excerpt":{"rendered":"<p>Rajmund Kolbe urodzi\u0142 si\u0119 8 stycznia 1894 roku w Zdu\u0144skiej Woli ko\u0142o \u0141odzi, z ma\u0142\u017conk\u00f3w Juliusza i Marianny z D\u0105browskich. Rodzice Rajmunda nale\u017celi do III Zakonu \u015bw. Franciszka. Wst\u0105pi\u0142 do Zakonu Braci Mniejszych Konwentualnych. W latach 1912-1919 odbywa\u0142 studia filozoficzne i teologiczne w Rzymie na jezuickim uniwersytecie Gregorianum, kt\u00f3re uwie\u0144czy\u0142 dwoma doktoratami. Za\u0142o\u017cyciel Rycerstwa Niepokalanej [&hellip;]<\/p>\n","protected":false},"author":3,"featured_media":0,"parent":0,"menu_order":0,"comment_status":"open","ping_status":"open","template":"","meta":{"footnotes":""},"class_list":["post-32","page","type-page","status-publish","hentry"],"_links":{"self":[{"href":"https:\/\/oldhdk.pl.harta.infrit.net\/index.php?rest_route=\/wp\/v2\/pages\/32","targetHints":{"allow":["GET"]}}],"collection":[{"href":"https:\/\/oldhdk.pl.harta.infrit.net\/index.php?rest_route=\/wp\/v2\/pages"}],"about":[{"href":"https:\/\/oldhdk.pl.harta.infrit.net\/index.php?rest_route=\/wp\/v2\/types\/page"}],"author":[{"embeddable":true,"href":"https:\/\/oldhdk.pl.harta.infrit.net\/index.php?rest_route=\/wp\/v2\/users\/3"}],"replies":[{"embeddable":true,"href":"https:\/\/oldhdk.pl.harta.infrit.net\/index.php?rest_route=%2Fwp%2Fv2%2Fcomments&post=32"}],"version-history":[{"count":2,"href":"https:\/\/oldhdk.pl.harta.infrit.net\/index.php?rest_route=\/wp\/v2\/pages\/32\/revisions"}],"predecessor-version":[{"id":35,"href":"https:\/\/oldhdk.pl.harta.infrit.net\/index.php?rest_route=\/wp\/v2\/pages\/32\/revisions\/35"}],"wp:attachment":[{"href":"https:\/\/oldhdk.pl.harta.infrit.net\/index.php?rest_route=%2Fwp%2Fv2%2Fmedia&parent=32"}],"curies":[{"name":"wp","href":"https:\/\/api.w.org\/{rel}","templated":true}]}}

<p>Rajmund Kolbe urodził się 8 stycznia 1894 roku w Zduńskiej Woli koło Łodzi, z małżonków Juliusza i Marianny z Dąbrowskich. Rodzice Rajmunda należeli do III Zakonu św. Franciszka.</p>
<p>Wstąpił do Zakonu Braci Mniejszych Konwentualnych. W latach 1912-1919 odbywał studia filozoficzne i teologiczne w Rzymie na jezuickim uniwersytecie Gregorianum, które uwieńczył dwoma doktoratami. Założyciel Rycerstwa Niepokalanej oraz Niepokalanowa<br />
w Polsce i Japonii.</p>
<p>Dnia 19 września 1939 roku Niemcy aresztowali o. Kolbego wraz z pozostałymi braćmi z Niepokalanowa. Zostali oni umieszczeni w obozie w Amtlitz, a następnie w Ostrzeszowie. 8 grudnia o. Kolbe został zwolniony z obozu.Natychmiast powrócił do Niepokalanowa, by tu zająć się przygotowaniem 3000 miejsc dla wysiedlonych z Poznańskiego, wśród których Żydów było 2000. 17 lutego 1941 roku gestapo zabrało o. Kolbego do Warszawy na osławiony Pawiak. 25 maja 1941 roku wywieziono go do obozu koncentracyjnego w Oświęcimiu. Otrzymał numer 16 670.</p>
<p>Pod koniec lipca 1941 roku uciekł jeden z więźniów z bloku o. Kolbego. Wściekły komendant nakazał zwołać na plac cały blok i co dziesiątego wytypowanego przez siebie więźnia skazał na śmierć głodową, w specjalnie na to przygotowanym bunkrze. Wśród przeznaczonych na śmierć znalazł się Franciszek Gajowniczek. Nieszczęśliwy westchnął, że musi opuścić żonę i dzieci. Wtedy stała się rzecz, która zdumiała katów. Z szeregu wyszedł o. Kolbe i prosił, by jego skazano na śmierć zamiast Gajowniczka, który stał obok niego. Na pytanie: kim jest? odparł, że jest kapłanem katolickim. Jest samotny,<br />
a Gajowniczek ma żonę i dzieci. Poszedł na śmierć wraz z 9 towarzyszami do bloku śmierci, nr 13. Bunkier, który dotąd był miejscem przekleństw i rozpaczy, pod przewodnictwem o. Maksymiliana stał się przybytkiem Bożej chwały. Modlono się i śpiewano nabożne pieśni. Przyzwyczajony do głodu o. Kolbe przeżył w bunkrze dwa tygodnie bez kruszyny chleba i kropli wody. Wreszcie oprawcy dobili go zastrzykiem fenolu. Stało się to 14 sierpnia, w wigilię Wniebowzięcia Najśw. Maryi Panny 1941 roku. O. Kolbe miał zaledwie 47 lat.</p>
<p>Dnia 17 października 1971 roku papież Paweł VI dokonał osobiście uroczystej beatyfikacji Męczennika<br />
w obecności dziesiątków tysięcy wiernych z całego świata i ponad 3000 pielgrzymów polskich.<br />
Dnia 10 października 1982 roku Ojciec święty Jan Paweł II dokonał jego kanonizacji.</p>
<p>Na mocy Dekretu Stolicy Apostolskiej z dnia 22 maja 1999 roku św. Maksymilian Kolbe jest patronem polskich honorowych dawców krwi.</p>
<p>&nbsp;</p>
<p><a href="http://oldhdk.pl.harta.infrit.net/wp-content/uploads/2014/02/small_kolbe4.jpg"><img loading="lazy" decoding="async" class="wp-image-33 aligncenter" title="św. Maksymilian Kolbe" src="http://oldhdk.pl.harta.infrit.net/wp-content/uploads/2014/02/small_kolbe4.jpg" alt="św. Maksymilian Kolbe" width="226" height="349" srcset="https://oldhdk.pl.harta.infrit.net/wp-content/uploads/2014/02/small_kolbe4.jpg 226w, https://oldhdk.pl.harta.infrit.net/wp-content/uploads/2014/02/small_kolbe4-194x300.jpg 194w, https://oldhdk.pl.harta.infrit.net/wp-content/uploads/2014/02/small_kolbe4-64x100.jpg 64w" sizes="auto, (max-width: 226px) 100vw, 226px" /></a></p>

<p>Rajmund Kolbe urodził się 8 stycznia 1894 roku w Zduńskiej Woli koło Łodzi, z małżonków Juliusza i Marianny z Dąbrowskich. Rodzice Rajmunda należeli do III Zakonu św. Franciszka. Wstąpił do Zakonu Braci Mniejszych Konwentualnych. W latach 1912-1919 odbywał studia filozoficzne i teologiczne w Rzymie na jezuickim uniwersytecie Gregorianum, które uwieńczył dwoma doktoratami. Założyciel Rycerstwa Niepokalanej [&hellip;]</p>
